- -10. What is the units digit of z(s)?
5
What is the units digit of (-43)/(-5) + 12/30?
9
Let c(h) = 15*h**2 - 5*h + 2. What is the tens digit of c(2)?
5
Let q(h) = -3*h**2 + 3*h. Let c(k) = -k. Let b(o) = -4*c(o) - q(o). What is the units digit of b(1)?
4
Let d = -17 + 23. Let c(r) = -r**3 + 8*r**2 - 8*r - 5. What is the units digit of c(d)?
9
Suppose 5*v - 137 = g, 65 = 5*v + 2*g - 66. Let j be v*(6/9 - 0). Let u = j - 6. What is the tens digit of u?
1
Suppose 2*s = 2*x + 3*s - 1, 4 = 4*s. Suppose -c - 15 = -5*c - 5*l, 3*c - 2*l - 40 = x. What is the units digit of 22/4 + 5/c?
6
Let z(q) = q**2 + 3*q + 3. Let g be z(-3). Suppose -y - 45 = -g*o + 2*y, -4*y = -o + 21. What is the units digit of o?
3
Let w(o) be the first derivative of -1/3*o**3 + o + 7/2*o**2 + 2. What is the units digit of w(6)?
7
Suppose x = -2*x + 54. Suppose 0 = -4*p - 0*p - q + x, 6 = -p + 5*q. Suppose -r - 10 = 2*r + 4*h, 3*h + 4 = -p*r. What is the units digit of r?
2
Suppose -7*y + 2*y + 100 = 0. What is the tens digit of y?
2
Let n(t) = t**2 - 12*t + 11. Let m be n(10). Let b = m + 16. What is the units digit of b?
7
What is the units digit of -2 - -13 - 0/(-1)?
1
Let r be 18/126 - 96/(-14). Let u(c) = -c**2 + c + 1. Let h(i) = 7*i**2 - 12*i - 6. Let f(q) = h(q) + 6*u(q). What is the units digit of f(r)?
7
Suppose 0 = -0*g + 2*g. Let b = 1 + g. What is the units digit of b?
1
Let d(f) = f**2 - 5*f + 2. Suppose -4*q - 14 = s, 2*q - 7 = 3*s + 7*q. Let p be d(s). Suppose l - 3*r - p = 9, l + r - 5 = 0. What is the units digit of l?
8
Let l(g) = -g**3 - 15*g**2 - 3*g - 5. What is the tens digit of l(-15)?
4
Let b(v) = -2*v + 6*v + 0*v + 0*v - 2. What is the units digit of b(2)?
6
Let j be -4 + 1/2*4. Let w be (0 - 4/(-2)) + j. Suppose -x + w*x + 2 = 0. What is the units digit of x?
2
Let s(m) = m**3 + m**2 + m + 62. What is the units digit of s(0)?
2
Suppose -4 = -5*d + 6. Let x(j) = j**3 - 3*j**2 - 3*j + 4. Let m be x(4). Suppose m + 4 = -3*k, -5*k = d*r + 12. What is the units digit of r?
4
Suppose 3*i + 4 = -2*c, -2*c + 2*i - 15 = 9. Let s be 1*-9*(c + 6). Suppose 0 = 3*m - m + 4*h - s, -m + 5*h = -30. What is the tens digit of m?
1
Let m = -5 - -42. What is the units digit of m?
7
Let j(t) = t**3 + 7*t**2 - 3*t - 7. Suppose -5*y - 10 = 20. What is the tens digit of j(y)?
4
Suppose 7 + 9 = -4*s. Let h = s - -5. What is the units digit of h?
1
Let x = -3 + 8. Suppose -5*y = x*z - z - 45, z + 4*y - 14 = 0. What is the tens digit of z?
1
Let c(m) = m**3 + 2*m**2 + 2. Let k be c(-2). Suppose k = -q + 14. What is the units digit of ((-15)/q)/((-1)/4)?
5
Suppose -34 = 4*z - n + 43, 5*n - 115 = 5*z. Let d be ((-11)/(-3))/((-2)/6). Let y = d - z. What is the units digit of y?
7
Let d(x) = -x**3 + 25*x**2 - 23*x + 21. What is the tens digit of d(24)?
4
Suppose -3*n = -38 - 43. Suppose 0 = -5*q + 33 + n. What is the units digit of q?
2
Suppose 3*y - 50 = -2*y. Suppose 0*a - a = -4. What is the tens digit of a/y - (-156)/10?
1
What is the tens digit of 26/(-13)*(-60 + 1)?
1
What is the tens digit of 6/(-4)*(-348)/9?
5
Suppose -y = -l - 29, -y - 5*l + 35 = -3*l. What is the units digit of y?
1
Let m = -69 + 103. Suppose 3*a - 2*a + 146 = 4*o, o - m = -a. What is the units digit of o?
6
Let v = 5 + -3. Suppose -k - 4*s + 9 = -0*s, -v*k = 5*s - 3. Let p = -3 - k. What is the units digit of p?
8
Let o(c) = -5*c**3 - 27*c**2 + 49*c - 48. Let m(a) = -a**3 - 7*a**2 + 12*a - 12. Let i(p) = 9*m(p) - 2*o(p). What is the units digit of i(8)?
4
Let b be 18 + 3/(-12)*0. What is the units digit of b/12 - (-30)/4?
9
Let b = 147 - -101. Suppose w = -3*w - 5*z + 193, 4*z - b = -5*w. What is the tens digit of w?
5
Suppose 0 = 5*n - 3*o - 426, 4*o + 0*o - 360 = -4*n. Let t = n + -56. What is the units digit of t?
1
Let h(a) = 2*a - 7. Suppose 3*k = 4*d - 39, 3*d = -0*d + 2*k + 28. Let y(r) = 6*r - 21. Let w(z) = d*y(z) - 17*h(z). What is the units digit of w(5)?
3
Suppose -3*j = -5*p - 21, -2*j - 3*p + 14 = -0*p. What is the units digit of j?
7
Suppose -15*u = -u - 3738. What is the tens digit of u?
6
Let s = -7 + 11. Suppose -5*c = -31 + 21. Suppose -c*o - 4*b + 34 = 0, b + 3*b = -s*o + 52. What is the units digit of o?
9
Let x = -40 + 207. What is the hundreds digit of x?
1
What is the units digit of (-98)/((-3)/(-2)*18/(-27))?
8
Let m = 2 - 7. Let u = m - -4. What is the units digit of 1*(-2)/u*1?
2
Let d(s) = -s**3 + s - 7. Let m be d(0). Let q = 13 + m. Suppose -z = -2*l - 17 - q, 3*z - 54 = 3*l. What is the units digit of z?
3
Let a(b) = 7*b - 26. What is the units digit of a(10)?
4
Let w(s) = 7*s**2 - 1. What is the units digit of w(-1)?
6
What is the tens digit of 911/9 + 4/(-18)?
0
What is the units digit of -5 - (-394)/(-1 - -3)?
2
Suppose 4*x + 15 = -r, -4*r + 5 = -0*r + 3*x. Suppose -4*l = r*w - 74, -2*w + 4*w + 2*l = 30. What is the units digit of w?
4
Let i be (27/6 - -1)*-2. Let o = i + 0. Let h = 16 + o. What is the units digit of h?
5
Let d(p) be the third derivative of -p**6/180 + p**4/24 - p**2. Let o(z) be the second derivative of d(z). What is the units digit of o(-1)?
4
Let r(f) = -f**2 - 2*f + 15. What is the tens digit of r(0)?
1
Suppose -224 = -5*w - 44. What is the tens digit of w?
3
Suppose -46 = -5*o + 2*d, -12 = -3*o + 5*d + 27. Suppose -3*q = -o*q + 5. Let g = q - 0. What is the units digit of g?
1
What is the tens digit of 4 - 46/4*(-4 - -2)?
2
Let g = 1 + 1. Let d = -3 + g. Let k = 2 + d. What is the units digit of k?
1
Suppose 2*l - 2*s = -0*l - 16, -5*s = l - 16. Suppose 4*i = -3*j + 4*j - 3, -2*j = i + 12. Let u = i - l. What is the units digit of u?
2
Let k(r) = r**3 + 3*r**2 - 2*r + 3. Let z be k(-3). Let m be z/(-2)*(1 - 3). Suppose -2*p + 12 = 2*p, v + p - m = 0. What is the units digit of v?
6
Let l(u) be the second derivative of u**6/360 + u**5/24 + 5*u**4/24 - u**3/6 - 2*u. Let p(v) be the second derivative of l(v). What is the units digit of p(-4)?
1
Let q = 55 - -112. What is the hundreds digit of q?
1
Let g = -5 + 7. Let u be (4 + 2)/g - 3. Suppose -4*i + 21 + 51 = u. What is the tens digit of i?
1
Let k = 99 - 55. What is the tens digit of k?
4
Suppose 4*f - 2*f + 128 = 3*n, -5*n + 3*f = -215. What is the units digit of n?
6
Suppose 5*z - 5*o = -5, z + o - 4*o + 1 = 0. Let w be z*(-9)/(-6)*-2. Suppose -5*p - 5*f + w*f + 40 = 0, -p + 1 = -f. What is the units digit of p?
6
Suppose -2*i = -5*j - 70 + 283, 4*j + i - 160 = 0. What is the tens digit of j?
4
Let s be 26/10 + 6/15. What is the units digit of (12 + s + -4)*1?
1
Let w be (-2)/10 + 28/(-10). Let p = 9 + w. Let f = p + -1. What is the units digit of f?
5
Let n = 74 - -1. What is the units digit of n?
5
Let k(a) = a**3 - a + 3*a**2 - 2 - 5*a**2 + 2*a. Let w be k(2). Suppose 0 = -4*c - w*c + 12. What is the units digit of c?
3
Suppose 16 = -4*q - 4*k, -3*q + 2*k = -3*k - 20. Suppose q*x + 50 = 5*x. What is the units digit of x?
0
Let s(h) = -11*h + 1. What is the units digit of s(-3)?
4
Let x(k) = 26*k**2. What is the units digit of x(-1)?
6
Let d(o) = 2*o**3 + 2*o**2 - o. Let p be d(1). Suppose -5*i + 3*g = -20, -5*g + p*g + 4 = i. Suppose -39 + 11 = -i*n. What is the units digit of n?
7
Suppose -o - 2 = -5. Suppose 2*f + 8 = o*f. What is the units digit of 2/(-1) + f + 0?
6
Let p(m) = -m**2 - 11*m - m + 3 - 2 + 7. What is the tens digit of p(-10)?
2
Suppose -3*k + 6 = -6. Suppose -30 = -2*v + k*g, 2*v + 5*g = -2*v + 60. What is the tens digit of v?
1
Suppose 2*x - y + 5 = 6*x, -4*x - 3*y - 1 = 0. Suppose -x*c + 2 - 4 = -u, 2 = -3*u + 2*c. What is the tens digit of 7/(7/u) + 13?
1
Suppose -2*p + 26 = -46. What is the tens digit of p?
3
Suppose -z + 2*s - 12 + 38 = 0, 2*s = 3*z - 86. What is the units digit of z?
0
Suppose 345 - 109 = -4*a - r, 0 = 4*r. Let x = 108 + a. Suppose 63 = 4*b + 3*q, 5*q = -5*b + 3*b + x. What is the tens digit of b?
1
What is the units digit of 3*3/(-6)*-82?
3
Let u be 1 + 1/(2/(-38)). Let l = 12 - u. What is the tens digit of l?
3
Suppose -6*b = b - 980. What is the tens digit of b?
4
Let m = 1 - 1. Suppose -n = 5*j, -n + m*n = -3*j. Suppose n = 5*p - 2*a - 52 - 21, -5*p + 3*a + 72 = 0. What is the units digit of p?
5
Let u(h) = 99*h**3 - 7*h**2 + 15*h - 7. Let z(b) = 49*b**3 - 3*b**2 + 7*b - 3. Let c(a) = 4*u(a) - 9*z(a). What is the tens digit of c(-1)?
4
What is